number?
True
Is 10007 a prime number?
True
Is 30677 a composite number?
False
Is 457 a composite number?
False
Is 119539 prime?
False
Is 6289 composite?
True
Is 2531 composite?
False
Is 168523 a prime number?
True
Is 292037 composite?
False
Is 746273 a prime number?
False
Is 67601 prime?
True
Is 29629 a prime number?
True
Is 459911 a prime number?
False
Is 62157 a composite number?
True
Is 746 a prime number?
False
Is 1597 composite?
False
Is 10747 a prime number?
False
Is 8061 prime?
False
Is 11183 prime?
False
Is 169237 a prime number?
False
Is 4201 a composite number?
False
Is 251305 composite?
True
Is 722899 composite?
False
Is 155371 a prime number?
True
Is 1847 composite?
False
Is 222257 a prime number?
False
Is 304959 a composite number?
True
Is 907 composite?
False
Is 53293 a composite number?
True
Is 72389 prime?
False
Is 245027 a prime number?
False
Is 296531 prime?
False
Is 21713 a prime number?
True
Is 40997 prime?
False
Is 2053 a composite number?
False
Is 49783 prime?
True
Is 113789 prime?
False
Is 138439 a composite number?
True
Is 83089 a prime number?
True
Is 29031 composite?
True
Is 1064585 a prime number?
False
Is 81331 composite?
False
Is 871 composite?
True
Is 17729 prime?
True
Is 449 prime?
True
Is 196331 a composite number?
False
Is 124171 prime?
True
Is 2717854 a composite number?
True
Is 704434 a prime number?
False
Is 580471 composite?
False
Is 9379 a composite number?
True
Is 5147 prime?
True
Is 27191 a composite number?
False
Is 2129 prime?
True
Is 15506 composite?
True
Is 65369 a composite number?
True
Is 704707 a composite number?
True
Is 14699 composite?
False
Is 27733 composite?
False
Is 8051 a composite number?
True
Is 644843 a composite number?
False
Is 27361 a composite number?
False
Is 236337 a composite number?
True
Is 202 prime?
False
Is 238582 composite?
True
Is 32771 a prime number?
True
Is 110777 prime?
True
Is 211 composite?
False
Is 915955 a composite number?
True
Is 101539 a composite number?
True
Is 45377 prime?
True
Is 46193 composite?
True
Is 1829 prime?
False
Is 77999 a composite number?
False
Is 2063 a prime number?
True
Is 9865 prime?
False
Is 139393 a composite number?
False
Is 78917 a prime number?
False
Is 462991 a prime number?
False
Is 372887 a prime number?
False
Is 668471 a composite number?
False
Is 2053 a composite number?
False
Is 228829 prime?
True
Is 687893 composite?
False
Is 14143 a composite number?
False
Is 74351 prime?
False
Is 40303 prime?
False
Is 845489 a composite number?
False
Is 10133 prime?
True
Is 809 a prime number?
True
Is 8779 a prime number?
True
Is 299395 composite?
True
Is 15193 prime?
True
Is 1303 prime?
True
Is 2161 composite?
False
Is 2927 prime?
True
Is 1135083 a prime number?
False
Is 371183 a composite number?
True
Is 9561 a prime number?
False
Is 593687 a composite number?
True
Is 13669 a composite number?
False
Is 34039 a prime number?
True
Is 5429 a prime number?
False
Is 22369 a prime number?
True
Is 140149 composite?
True
Is 77471 a prime number?
True
Is 22519 prime?
False
Is 38993 a prime number?
True
Is 72191 prime?
False
Is 8779 prime?
True
Is 1123341 a composite number?
True
Is 2507 a prime number?
False
Is 21713 a prime number?
True
Is 410063 prime?
True
Is 405227 prime?
True
Is 234785 a composite number?
True
Is 301061 composite?
True
Is 11027 a composite number?
False
Is 229715 prime?
False
Is 259855 prime?
False
Is 31847 composite?
False
Is 36779 a prime number?
True
Is 255217 prime?
True
Is 2579 composite?
False
Is 2477 a composite number?
False
Is 64397 composite?
True
Is 59233 a composite number?
False
Is 1181 prime?
True
Is 79319 a composite number?
False
Is 136639 composite?
True
Is 130173 prime?
False
Is 153689 composite?
False
Is 25387 prime?
False
Is 4481 a composite number?
False
Is 3719 a prime number?
True
Is 21355 composite?
True
Is 929129 prime?
True
Is 51 a composite number?
True
Is 1367 composite?
False
Is 7445 composite?
True
Is 3039 prime?
False
Is 168227 composite?
False
Is 3691 composite?
False
Is 37781 composite?
False
Is 26337 composite?
True
Is 1321991 composite?
True
Is 12794 prime?
False
Is 243769 prime?
True
Is 594103 a composite number?
False
Is 294629 a prime number?
True
Is 1274353 prime?
True
Is 418505 prime?
False
Is 1733 a composite number?
False
Is 3389 prime?
True
Is 10111 prime?
True
Is 358 composite?
True
Is 165873 a prime number?
False
Is 3989 prime?
True
Is 245459 prime?
False
Is 52613 a prime number?
False
Is 8663 a composite number?
False
Is 4315 composite?
True
Is 72497 a prime number?
True
Is 29657 a prime number?
False
Is 2587 a composite number?
True
Is 3839 prime?
False
Is 175339 a composite number?
True
Is 97 prime?
True
Is 3907 a composite number?
False
Is 51955 a composite number?
True
Is 255637 a composite number?
False
Is 50069 a composite number?
False
Is 173657 prime?
False
Is 110527 a composite number?
False
Is 229667 composite?
True
Is 604259 prime?
True
Is 803189 a prime number?
True
Is 19769 composite?
True
Is 83207 composite?
False
Is 624857 composite?
True
Is 820639 composite?
True
Is 48109 a composite number?
False
Is 52289 a prime number?
True
Is 4849 a composite number?
True
Is 1261 a prime number?
False
Is 171889 prime?
True
Is 1038757 composite?
False
Is 685093 a prime number?
True
Is 29917 composite?
False
Is 271283 a prime number?
False
Is 1341347 a prime number?
False
Is 6563 a prime number?
True
Is 200185 prime?
False
Is 7243 prime?
True
Is 2819 prime?
True
Is 129781 prime?
False
Is 322729 a composite number?
True
Is 2923 a composite number?
True
Is 18169 composite?
False
Is 306607 prime?
False
Is 51791 a prime number?
False
Is 7867 a composite number?
False
Is 6737 a composite number?
False
Is 196059 composite?
True
Is 1272793 prime?
False
Is 132589 prime?
True
Is 40381 prime?
False
Is 420554 prime?
False
Is 61777 composite?
True
Is 1211719 prime?
True
Is 104018 composite?
True
Is 2237 composite?
False
Is 1362337 a composite number?
False
Is 389941 a composite number?
False
Is 58574 a composite number?
True
Is 18743 a prime number?
True
Is 7613 prime?
False
Is 4637 a prime number?
True
Is 235 composite?
True
Is 38459 a prime number?
True
Is 211 a composite number?
False
Is 1403369 composite?
True
Is 16619 composite?
False
Is 15517 a composite number?
True
Is 2459 a prime number?
True
Is 4393 prime?
False
Is 111409 a composite number?
False
Is 23809 a composite number?
True
Is 224069 composite?
False
Is 4583 prime?
True
Is 714649 a prime number?
False
Is 65323 a prime number?
True
Is 150041 a prime number?
True
Is 424939 a composite number?
False
Is 1049 a prime number?
True
Is 1219 a composite number?
True
Is 522317 prime?
True
Is 3779 composite?
False
Is 202661 prime?
True
Is 999911 a composite number?
True
Is 60859 composite?
False
Is 120643 composite?
True
Is 10898 composite?
True
Is 7067 a composite number?
True
Is 686038 composite?
True
Is 858563 prime?
True
Is 3353 a prime number?
False
Is 319423 a composite number?
True
Is 50627 composite?
False
Is 5461 composite?
True
Is 17846 a prime number?
False
Is 235373 composite?
True
Is 7639 a composite number?
False
Is 52165 composite?
True
Is 82993 a composite number?
True
Is 2253 composite?
True
Is 1122019 prime?
False
Is 147919 a prime number?
True
Is 22739 prime?
True
Is 7261 a prime number?
False
Is 70939 a composite number?
True
Is 447857 a prime number?
False
Is 132833 a composite number?
False
Is 456343 a composite number?
True
Is 5755 composite?
True
Is 140717 composite?
False
Is 25247 a composite number?
False
Is 69689 a prime number?
False
Is 196693 composite?
True
Is 1009 composite?
False
Is 8579915 a composite number?
True
Is 47939 a prime number?
True
Is 41253 composite?
True
Is 11443 composite?
False
Is 913 prime?
False
Is 40609 a prime number?
True
Is 25301 composite?
False
Is 9901 prime?
True
Is 445829 prime?
True
Is 493747 composite?
False
Is 175433 a prime number?
True
Is 35914 a prime number?
False
Is 1271 a prime number?
False
Is 105211 prime?
True
Is 953321 composite?
False
Is 1083059 a composite number?
False
Is 85685 a composite number?
True
Is 24169 a composite number?
False
Is 6587 a prime number?
False
Is 19741 composite?
True
Is 460697 a prime number?
True
Is 112673 a composite number?
True
Is 9481